90. Let x = r + 4419. Is x prime?
False
Suppose 0 = 244*l - 5667250 - 21028990 + 1888516. Is l a composite number?
True
Let r be ((-16)/24)/(4/(-90)). Let t = 19 - r. Suppose -t*u + 3026 = 2*z, -z - 3029 = -4*u - 2*z. Is u a composite number?
True
Suppose 5*y - n - 72436 = 30533, -5*y - n + 102961 = 0. Is y composite?
False
Let h(n) be the third derivative of 959*n**4/24 + 4*n**3/3 - 29*n**2. Let q be h(2). Suppose -5*y = 4*g - q, 954 = 2*g - y - y. Is g a composite number?
False
Suppose -14*v + 13*v + 7 = 0. Suppose 13*u = v*u + 18906. Suppose -12 = 4*y, u = 5*p - p - y. Is p a composite number?
False
Suppose -14*n + 85 = -41. Suppose o - 6*x - 14 = -n*x, 4*x = 2*o - 8. Let y(p) = 6*p**2 + 6*p - 21. Is y(o) a prime number?
False
Let d(r) = 3*r**2 - 39*r + 191. Is d(-52) composite?
False
Let d be 38 + (-4)/(4/3). Suppose 29 = -k + d. Suppose -2*c + 1528 = k*c. Is c composite?
False
Let h(j) = 24*j + 112. Let x be h(11). Let c = -39 + x. Is c a prime number?
True
Let z(h) = h - 388*h**2 + 750*h**2 + 590*h**2 + 2. Let m(c) = 4*c - 153. Let x be m(38). Is z(x) a composite number?
False
Suppose -2*a + 3*v + 16979 = 0, 5*a - 4*v - 42453 = -2*v. Suppose 10192 = 7*m - a. Is m a prime number?
False
Let u = 1312 - 2249. Let s = u + 595. Let x = -75 - s. Is x composite?
True
Let w be (-12)/78 + (-4)/(-26) + -26. Let o be 10174*(-1)/4*w. Suppose 7*x - o = -6*x. Is x a composite number?
False
Let h(t) = -9*t + 27. Let n be h(6). Is ((-39108)/48)/(2 - n/(-12)) a prime number?
True
Suppose -j - 4*j + 4169901 = 2*n, -5*j - 5*n + 4169925 = 0. Is j prime?
True
Suppose -19*j = -31*j + 192. Let q(v) = 22*v**2 - 16*v + 37. Is q(j) prime?
True
Let h be -2 + 3/(-3) + 5. Suppose h*o - o = 4599. Suppose o = -4*q + 13*q. Is q a composite number?
True
Let j be -1 - (-2 - (0 + 3 + 877)). Let r be -20*(0 - 48/4). Let t = j - r. Is t composite?
False
Let b(r) = 10*r + 31. Let z be (-36)/(-3)*(-1)/(-4)*13. Suppose 5*c - 1 = z. Is b(c) a prime number?
False
Suppose 2*s + 3*m = 440110, 4*s - 4*m + 298519 = 1178699. Is s a prime number?
False
Suppose -51*s + 7171600 = 29*s. Is s prime?
False
Let q be -2 + (-5)/(-5) + 1. Suppose -13*b - 167192 + 42119 = q. Let f = 14134 + b. Is f prime?
True
Let x be (-1)/(-3) - 11354/(-21). Let a(u) = 3*u**2 - 101*u - 67. Let t be a(32). Let z = t + x. Is z a prime number?
False
Let v(z) = -14 - 20 + 15*z - 4 - 20*z. Let j be v(-8). Is (4 + -1)*(894/3)/j composite?
True
Suppose -13*z + 4*z + 76068 = 0. Suppose c - 5*u = -2*c + z, -5*c + u = -14050. Is c prime?
False
Let b(p) = -2*p + 0*p - 1 + 7*p**2 - 7. Let s = -1122 + 1127. Is b(s) a composite number?
False
Let k(l) = -21268*l + 3061. Is k(-72) composite?
True
Let y be 23 - 9 - (-3 - (-4 + -3)). Is y/35 + ((-9843)/(-21) - 0) a prime number?
False
Let g(y) = -937*y - 6. Let h be g(-12). Suppose -2*b + 5620 = -3*k, -4*b + h = -3*k - 2*k. Is b composite?
True
Suppose 4*d = -3*f + 18, 0 = f - 94 + 92. Suppose 6*b - d*s + 3252 = 9*b, -3*b + 5*s + 3276 = 0. Is b composite?
False
Suppose 0 = 5*t + 6*t - 161689. Is t composite?
False
Let d(c) = -34*c - 7 - 18 + 72*c + 67*c**2. Is d(8) a prime number?
True
Let a(s) = -42*s**3 + 3*s**2 + 113*s + 28. Is a(-15) composite?
True
Let f = -16 + 21. Suppose -3*s = -s - h - 7640, 0 = 3*s + f*h - 11473. Is s composite?
False
Is (-30)/60*(-10 - 364324) prime?
True
Let a(l) = 14*l**2 - 93*l + 122. Is a(-75) a prime number?
True
Suppose -9*y + 5187 + 139868 = -254698. Is y composite?
False
Suppose -3*d - 11 - 13 = -3*o, -4*o + 22 = d. Suppose o*q - q = -y - 806, q + 1585 = -2*y. Let c = 750 - y. Is c prime?
False
Suppose 57*d + 367240 - 7768184 = 4615853. Is d a prime number?
False
Let m = 58 - 46. Let u(b) = 2*b**3 - b**2 + 13*b + 14. Let q be u(m). Is (q/3)/(14/21) composite?
False
Let n(x) = 5285*x**3 - 3*x**2 - 2*x - 73. Is n(8) a prime number?
False
Let u(d) = 19*d**2 - 19*d - 2. Let m(x) = -1. Let s(i) = -3*m(i) + u(i). Is s(-15) composite?
False
Suppose 0 = 4*d + 5*n + 1 - 15, 2*d - 4 = -4*n. Let r(p) = 26*p**3 + 13*p**2 + p - 5. Let s be r(d). Let z = s + 798. Is z composite?
False
Let d(u) = -107*u + 25. Let h be d(-42). Suppose 5*s - h = 1836. Is s a composite number?
True
Let j be (-2)/((-2)/20 - (-14)/(-35)). Suppose -z = 5*b - 789, 283 = 2*b + j*z - 29. Is b prime?
False
Suppose 0 = -4*o - 97 + 69. Let f(y) = -7*y - 33. Let q(z) = 11*z + 50. Let b(p) = -8*f(p) - 5*q(p). Is b(o) prime?
True
Let o(n) = 56259*n**2 - 14*n - 16. Is o(3) a composite number?
True
Let w(r) = r**3 - 2*r**2 + 5*r - 8. Let z be w(3). Suppose -z*g + 18328 = -146296. Is g prime?
True
Let c = -7105 - -15144. Is c a composite number?
False
Let i be 18*(-4)/(32/12). Let d = 31 + i. Suppose 95 = p - d*m - 88, 2*p - 5*m = 378. Is p a prime number?
True
Let i = -282 + 13811. Is i a prime number?
False
Let s(h) = 12*h**3 - 8*h**2 - 17*h + 86. Let i be s(13). Suppose 2*f - 68858 = 4*d, -4*f = -d - i - 112874. Is f composite?
False
Suppose -18*l + 3454733 = 11*l - 2025020. Is l composite?
False
Suppose 31*k - 343833 - 6498 = 0. Is k composite?
True
Let m = 116158 + -64605. Is m a prime number?
False
Let v(a) = -290*a**3 - 5*a**2. Let l(x) = x**3 - x**2. Let t(b) = -4*l(b) + v(b). Let h be (-36)/30 - (-1)/10*2. Is t(h) composite?
False
Suppose -3*j + 13492 + 202575 = -2*y, 0 = -4*j - 5*y + 288051. Is j composite?
False
Let q(j) = -297*j - 68. Suppose 30 + 9 = -3*y. Is q(y) composite?
False
Let v(k) = 607*k**2 + 29*k + 4. Let y be v(-12). Suppose -5*m + 2*p + 108831 = 0, -4*m + 6*p + y = 4*p. Is m prime?
True
Let t(h) = -359*h - 71 - 591*h - 75 + 55. Is t(-7) a prime number?
False
Suppose -2*b + 5*b = -4*v + 33, -22 = -2*v + 4*b. Suppose v*a = -0*a - 108. Is 347 + a - (-1 - -2) prime?
False
Let x(k) = k**3 + 7*k**2 - 3*k + 11. Let w be x(-7). Let h be w/(-6)*(-52974)/12. Is h/45 - 2/10 a prime number?
True
Suppose 4*l - 234122 = -3*g, l - 115698 + 37656 = -g. Suppose -8*u + g + 36298 = 0. Is u a composite number?
False
Is (-6 + (-462)/(-70))/((-3)/(-15)) + 130766 composite?
False
Suppose -15830 - 18676 = -2*a. Suppose 5*r - 3*b = a, 4*r - 13792 = -0*b + 5*b. Is r a composite number?
True
Let n(z) = -5420*z**3 - 2*z**2 - 39*z - 115. Is n(-4) a prime number?
False
Let w = -654222 - -923479. Is w a prime number?
True
Suppose -13*v = 10*v - 46. Suppose -v*t + 3719 = 5*r - 780, 0 = r - 5. Is t prime?
True
Let n be (-5)/(5/13) + 3. Is (n - -29607)/(-7 + 8) a composite number?
True
Let h = 39174 + -27731. Is h a prime number?
True
Suppose 34*n + 105416 = 38*n. Is n prime?
False
Let m = -34719 - -53612. Is m prime?
False
Suppose 3*y + 166 = 4*r, 20*y - 59 = 21*y - 5*r. Let o = 2668 - y. Is o prime?
False
Let x(m) = 69249*m**3 + 2*m - 2. Let u be x(1). Suppose -58790 = -61*n + u. Is n a prime number?
True
Suppose 85*t = 163*t - 5828462 - 788044. Is t composite?
False
Suppose 0 = -20014*v + 20015*v - 74539. Is v a composite number?
True
Let x be -4 + (-96260)/5 - 7. Let i = -8180 - x. Is i composite?
False
Let q = -275 + 278. Suppose 3*n - 5*w - 7775 = -q*w, 2*n + 4*w = 5178. Is n composite?
False
Let h(p) = 70*p**2 - 9*p - 13. Let c(f) = -71*f**2 + 8*f + 13. Let j(q) = -4*c(q) - 5*h(q). Let n(t) be the first derivative of j(t). Is n(-8) prime?
True
Suppose -470*x - 387989 = -477*x. Is x a prime number?
False
Let j(i) = -8 + 7*i**3 + 18 - 6*i**2 - 6*i - 7 + i. Is j(8) a composite number?
False
Suppose 9*o + 12574 = 11*o. Is o*((-36)/(-6))/(-6)*-2 a prime number?
False
Suppose -v - 7*v - 27266 = -104170. Is v a composite number?
False
Let s = 8340 + -8206. Suppose 3*a - 53 = -2*g, a - 10 = -a + 5*g. Let i = s + a. Is i a composite number?
False
Let r(c) = -7*c - 17. Let l(j) = -8*j - 17. Let v(f) = 3*l(f) - 4*r(f). Let o be v(-3). Suppose p + 7892 = o*p. Is p a composite number?
False
Let l(z) = -1732*z - 587. Is l(-10) composite?
True
Let f = -1993 + 3362. Let a = -129 - -218. Suppose p = 2*i + f, p - 1276 - a = i. Is p a prime number?
True
Let u be (-5)/(-20) + (-17037)/4. Suppose -21*s + 42*s - 127260 = 0. Let z = s + u. Is z a prime number?
True
Let r be (-2)/7 + (-3475)/(-35). Let n(g) = -r*g - 3 + 11*g - 3 + 7. Is n(-1) a composite number?
False
Let u be 4/(1/(-31752)*-9). Suppose u = t - 15967. Is t a composite number?
True
Let x(a) = -3*a**2 + 2*a + 1318. Let f be x(0). Suppose 0 = -3*u